1070313.
3, 43, 8297
What are the prime factors of 959250?
2, 3, 5, 1279
List the prime factors of 561359.
561359
What are the prime factors of 924523?
924523
List the prime factors of 21058109.
227, 92767
What are the prime factors of 437560?
2, 5, 10939
What are the prime factors of 337216?
2, 11, 479
List the prime factors of 11329521.
3, 7, 539501
List the prime factors of 3060690.
2, 3, 5, 102023
List the prime factors of 24704111.
17, 131, 11093
List the prime factors of 12453029.
1289, 9661
What are the prime factors of 7818544?
2, 37, 47, 281
What are the prime factors of 7991738?
2, 31, 83, 1553
What are the prime factors of 976043?
317, 3079
List the prime factors of 312425.
5, 12497
What are the prime factors of 204022?
2, 7, 13, 19, 59
List the prime factors of 249394.
2, 19, 6563
List the prime factors of 7893264.
2, 3, 164443
What are the prime factors of 3112014?
2, 3, 59, 149
List the prime factors of 2770394.
2, 11, 125927
List the prime factors of 3870500.
2, 5, 7741
List the prime factors of 844925.
5, 33797
List the prime factors of 1049137.
1049137
List the prime factors of 246704.
2, 17, 907
What are the prime factors of 218705?
5, 17, 31, 83
What are the prime factors of 1918882?
2, 7, 41, 3343
List the prime factors of 103822.
2, 23, 37, 61
What are the prime factors of 285053?
61, 4673
List the prime factors of 356503.
7, 50929
List the prime factors of 1289029.
7, 107, 1721
What are the prime factors of 5533654?
2, 7, 395261
What are the prime factors of 9941009?
13, 19, 167, 241
What are the prime factors of 2803720?
2, 5, 29, 2417
What are the prime factors of 952968?
2, 3, 59, 673
List the prime factors of 3697926.
2, 3, 616321
What are the prime factors of 422720?
2, 5, 1321
List the prime factors of 13195869.
3, 4398623
List the prime factors of 2903016.
2, 3, 29, 43, 97
What are the prime factors of 2760667?
7, 13, 23, 1319
What are the prime factors of 12387156?
2, 3, 23, 37, 1213
List the prime factors of 3018842.
2, 23, 29, 31, 73
List the prime factors of 425837.
425837
What are the prime factors of 10043797?
421, 23857
List the prime factors of 567279.
3, 63031
List the prime factors of 3213487.
37, 86851
What are the prime factors of 3401865?
3, 5, 113, 223
List the prime factors of 718580.
2, 5, 19, 31, 61
What are the prime factors of 16001040?
2, 3, 5, 11, 19, 29
What are the prime factors of 43849?
13, 3373
What are the prime factors of 3697553?
503, 7351
List the prime factors of 13640970.
2, 3, 5, 7, 17, 3821
List the prime factors of 708294.
2, 3, 97, 1217
What are the prime factors of 235941?
3, 31, 43, 59
What are the prime factors of 6101991?
3, 7, 96857
What are the prime factors of 7379440?
2, 5, 92243
List the prime factors of 2285162.
2, 11, 241, 431
What are the prime factors of 34670?
2, 5, 3467
List the prime factors of 3337869.
3, 1112623
List the prime factors of 14017601.
13, 71, 15187
List the prime factors of 1873636.
2, 383, 1223
What are the prime factors of 172594?
2, 86297
List the prime factors of 465105.
3, 5, 101, 307
List the prime factors of 6449963.
13, 103, 4817
List the prime factors of 941135.
5, 13, 14479
What are the prime factors of 21969481?
41, 157, 3413
List the prime factors of 7317345.
3, 5, 7, 227, 307
What are the prime factors of 7922936?
2, 7, 141481
List the prime factors of 2302790.
2, 5, 7, 67, 491
List the prime factors of 176876.
2, 7, 6317
What are the prime factors of 17690?
2, 5, 29, 61
List the prime factors of 1120497.
3, 7, 229, 233
What are the prime factors of 29537011?
7, 4219573
What are the prime factors of 1729934?
2, 864967
What are the prime factors of 14205063?
3, 1987, 2383
What are the prime factors of 10632561?
3, 3544187
What are the prime factors of 319821?
3, 17, 6271
List the prime factors of 165271.
29, 41, 139
What are the prime factors of 645791?
19, 41, 829
What are the prime factors of 5728172?
2, 47, 30469
List the prime factors of 291363.
3, 17, 29, 197
List the prime factors of 241494.
2, 3, 11, 3659
What are the prime factors of 4574679?
3, 193, 7901
List the prime factors of 4671518.
2, 47, 49697
What are the prime factors of 5822021?
5822021
List the prime factors of 939207.
3, 31, 10099
What are the prime factors of 961802?
2, 131, 3671
List the prime factors of 196060.
2, 5, 9803
What are the prime factors of 299231?
19, 15749
What are the prime factors of 199467?
3, 37, 599
List the prime factors of 5504496.
2, 3, 41, 2797
List the prime factors of 2085332.
2, 29, 17977
What are the prime factors of 26229424?
2, 13, 19, 6637
List the prime factors of 2882899.
971, 2969
What are the prime factors of 7312897?
103, 70999
What are the prime factors of 19983?
3, 6661
What are the prime factors of 162119?
162119
What are the prime factors of 365699?
365699
What are the prime factors of 161198?
2, 80599
List the prime factors of 79005.
3, 5, 23, 229
List the prime factors of 665336.
2, 7, 109
List the prime factors of 1679878.
2, 163, 5153
List the prime factors of 10275374.
2, 257, 19991
What are the prime factors of 71700?
2, 3, 5, 239
List the prime factors of 8210989.
1069, 7681
List the prime factors of 367406.
2, 13, 1087
List the prime factors of 6646720.
2, 5, 20771
What are the prime factors of 1170503?
43, 163, 167
What are the prime factors of 132421?
132421
List the prime factors of 5865460.
2, 5, 23, 41, 311
List the prime factors of 3084314.
2, 31, 49747
List the prime factors of 7564790.
2, 5, 353, 2143
What are the prime factors of 34507?
11, 3137
List the prime factors of 3321274.
2, 11, 150967
What are the prime factors of 2803931?
13, 215687
List the prime factors of 273758.
2, 136879
List the prime factors of 5644433.
73, 167, 463
List the prime factors of 29687866.
2, 13, 179, 6379
List the prime factors of 167504.
2, 19, 29
What are the prime factors of 511767?
3, 101, 563
List the prime factors of 1601327.
7, 13, 17597
List the prime factors of 3230135.
5, 646027
What are the prime factors of 8886312?
2, 3, 83, 1487
List the prime factors of 401580.
2, 3, 5, 23, 97
What are the prime factors of 873260?
2, 5, 47, 929
What are the prime factors of 18598117?
18598117
List the prime factors of 13921116.
2, 3, 11, 263, 401
What are the prime factors of 1164384?
2, 3, 13, 311
List the prime factors of 1525988.
2, 17, 22441
List the prime factors of 162081.
3, 23, 29
What are the prime factors of 213716?
2, 23, 101
What are the prime factors of 1068933?
3, 356311
List the prime factors of 1212883.
7, 163, 1063
List the prime factors of 1595172.
2, 3, 307, 433
List the prime factors of 13942934.
2, 6971467
List the prime factors of 216540.
2, 3, 5, 401
What are the prime factors of 550432?
2, 103, 167
What are the prime factors of 109373?
11, 61, 163
What are the prime factors of 2954778?
2, 3, 492463
List the prime factors of 889020.
2, 3, 5, 11, 449
What are the prime factors of 905656?
2, 79, 1433
What are the prime factors of 9550246?
2, 4775123
List the prime factors of 558462.
2, 3, 93077
What are the prime factors of 458852?
2, 114713
List the prime factors of 4706672.
2, 294167
What are the prime factors of 2582984?
2, 61, 67, 79
What are the prime factors of 350280?
2, 3, 5, 7, 139
What are the prime factors of 368755?
5, 73751
What are the prime factors of 1696666?
2, 73, 11621
List the prime factors of 423062.
2, 17, 23, 541
What are the prime factors of 1197741?
3, 19, 21013
List the prime factors of 3528286.
2, 659, 2677
What are the prime factors of 28087186?
2, 23, 59, 79, 131
List the prime factors of 1268003.
11, 19, 6067
What are the prime factors of 96870?
2, 3, 5, 3229
What are the prime factors of 2223554?
2, 269, 4133
List the prime factors of 3459172.
2, 864793
List the prime factors of 112468.
2, 31, 907
List the prime factors of 8667622.
2, 601, 7211
List the prime factors of 264325.
5, 97, 109
List the prime factors of 4635614.
2, 2317807
List the prime factors of 99308.
2, 11, 37, 61
What are the prime factors of 1246523?
41, 30403
List the prime factors of 402610.
2, 5, 13, 19, 163
List the prime factors of 6463720.
2, 5, 283, 571
List the prime factors of 18078127.
47, 384641
What are the prime factors of 1677864?
2, 3, 69911
What are the prime factors of 15997486?
2, 7998743
Li